
3
What is the ten millions digit of 2729370670?
2
What is the hundred millions digit of 2639152593?
6
What is the millions digit of 103940104?
3
What is the hundreds digit of 107774158?
1
What is the ten millions digit of 130782530?
3
What is the ten thousands digit of 673172553?
7
What is the millions digit of 850351202?
0
What is the thousands digit of 2925901599?
1
What is the tens digit of 712104647?
4
What is the tens digit of 220900913?
1
What is the tens digit of 1450504143?
4
What is the thousands digit of 565920452?
0
What is the hundred thousands digit of 462332293?
3
What is the ten millions digit of 32491994?
3
What is the hundred millions digit of 507665500?
5
What is the tens digit of 6000842986?
8
What is the ten millions digit of 40548765?
4
What is the hundred millions digit of 4278925890?
2
What is the ten thousands digit of 60984366?
8
What is the ten thousands digit of 443711031?
1
What is the hundreds digit of 9100782?
7
What is the hundred thousands digit of 1699275203?
2
What is the thousands digit of 112161102?
1
What is the thousands digit of 22512449?
2
What is the thousands digit of 763490379?
0
What is the thousands digit of 34849164?
9
What is the tens digit of 339832686?
8
What is the hundred thousands digit of 2634420771?
4
What is the tens digit of 2324492?
9
What is the hundreds digit of 240366223?
2
What is the hundred thousands digit of 80872620?
8
What is the billions digit of 1130722703?
1
What is the millions digit of 612806695?
2
What is the millions digit of 437743331?
7
What is the millions digit of 100185824?
0
What is the hundred thousands digit of 663829179?
8
What is the millions digit of 529718190?
9
What is the ten millions digit of 4702521798?
0
What is the thousands digit of 560944592?
4
What is the hundred thousands digit of 180696034?
6
What is the thousands digit of 55032902?
2
What is the thousands digit of 148005398?
5
What is the millions digit of 4575088?
4
What is the hundred thousands digit of 15103289?
1
What is the hundred millions digit of 2037612603?
0
What is the hundred millions digit of 423741078?
4
What is the hundred thousands digit of 54729609?
7
What is the hundreds digit of 121747173?
1
What is the hundreds digit of 1544662197?
1
What is the hundred thousands digit of 139559741?
5
What is the ten thousands digit of 376701943?
0
What is the ten millions digit of 332746113?
3
What is the tens digit of 27232273?
7
What is the ten thousands digit of 923406091?
0
What is the hundreds digit of 169202288?
2
What is the units digit of 20449325?
5
What is the tens digit of 19041824?
2
What is the hundreds digit of 2965649?
6
What is the hundred thousands digit of 3343137605?
1
What is the hundred millions digit of 4363262579?
3
What is the thousands digit of 728682694?
2
What is the thousands digit of 63207318?
7
What is the units digit of 46782857?
7
What is the ten millions digit of 363350325?
6
What is the ten millions digit of 1563453894?
6
What is the units digit of 375476597?
7
What is the hundreds digit of 112490755?
7
What is the ten millions digit of 518763505?
1
What is the tens digit of 3516722147?
4
What is the units digit of 244917693?
3
What is the thousands digit of 49192447?
2
What is the ten millions digit of 21488809?
2
What is the ten millions digit of 45519299?
4
What is the hundreds digit of 1119754182?
1
What is the tens digit of 981669313?
1
What is the tens digit of 25745722?
2
What is the thousands digit of 11475958?
5
What is the hundred thousands digit of 23357134?
3
What is the units digit of 18970528?
8
What is the hundred thousands digit of 353244053?
2
What is the ten millions digit of 2829226479?
2
What is the hundred thousands digit of 489006308?
0
What is the tens digit of 391783904?
0
What is the ten millions digit of 144190110?
4
What is the ten thousands digit of 1116549770?
4
What is the hundred millions digit of 4211357992?
2
What is the millions digit of 115008599?
5
What is the thousands digit of 162352468?
2
What is the tens digit of 173210074?
7
What is the hundred thousands digit of 139946898?
9
What is the thousands digit of 101544610?
4
What is the hundreds digit of 55184506?
5
What is the hundred thousands digit of 698175414?
1
What is the ten millions digit of 553994368?
5
What is the ten millions digit of 53359484?
5
What is the ten thousands digit of 1734294683?
9
What is the ten millions digit of 4032941189?
3
What is the hundred thousands digit of 358432230?
4
What is the millions digit of 2054257345?
4
What is the hundreds digit of 75011683?
6
What is the ten millions digit of 32418324?
3
What is the units digit of 860035099?
9
What is the hundreds digit of 12101802?
8
What is the hundred thousands digit of 124103162?
1
What is the tens digit of 32689517?
1
What is the billions digit of 2718888247?
2
What is the thousands digit of 47388480?
8
What is the hundreds digit of 274415620?
6
What is the units digit of 206800306?
6
What is the ten thousands digit of 48167885?
6
What is the billions digit of 3278645141?
3
What is the ten thousands digit of 149468773?
6
What is the ten thousands digit of 1184216996?
1
What is the hundreds digit of 37685173?
1
What is the hundred millions digit of 1767160493?
7
What is the ten millions digit of 794883609?
9
What is the ten millions digit of 1766813502?
6
What is the tens digit of 9085880?
8
What is the thousands digit of 10533257?
3
What is the hundreds digit of 5325692010?
0
What is the millions digit of 545505276?
5
What is the units digit of 6814536?
6
What is the hundreds digit of 1137922432?
4
What is the ten thousands digit of 37311923?
1
What is the units digit of 743901599?
9
What is the tens digit of 388599895?
9
What is the hundreds digit of 206286010?
0
What is the hundred thousands digit of 340108126?
1
What is the hundred millions digit of 595683961?
5
What is the tens digit of 2073750638?
3
What is the tens digit of 522565659?
5
What is the millions digit of 2638089355?
8
What is the ten millions digit of 1697944578?
9
What is the hundred thousands digit of 1613284204?
2
What is the tens digit of 269188607?
0
What is the hundreds digit of 34083899?
8
What is the thousands digit of 187484121?
4
What is the ten millions digit of 544133887?
4
What is the ten thousands digit of 111212354?
1
What is the ten thousands digit of 6413394?
1
What is the thousands digit of 258284354?
4
What is the ten millions digit of 330707784?
3
What is the hundred thousands digit of 516170737?
1
What is the thousands digit of 166415504?
5
What is the hundred thousands digit of 15292617?
2
What is the tens digit of 983447069?
6
What is the units digit of 233323498?
8
What is the hundred millions digit of 162942091?
1
What is the hundreds digit of 183227880?
8
What is the hundred thousands digit of 77004158?
0
What is the thousands digit of 1296396699?
6
What is the millions digit of 3718050895?
8
What is the hundreds digit of 10479123?
1
What is the millions digit of 142062274?
2
What is the millions digit of 222619133?
2
What is the millions digit of 161523418?
1
What is the hundred thousands digit of 777581256?
5
What is the hundreds digit of 599681215?
2
What is the millions digit of 343403234?
3
What is the thousands digit of 34880805?
0
What is the ten millions digit of 207272006?
0
What is the tens digit of 433474127?
2
What is the ten thousands digit of 32824854?
2
What is the hundreds digit of 22895578?
5
What is the thousands digit of 53823729?
3
What is the hundred thousands digit of 876699342?
6
What is the ten thousands digit of 218742012?
4
What is the ten millions digit of 810578172?
1
What is the ten millions digit of 1191930922?
9
What is the ten thousands digit of 579919038?
1
What is the hundreds digit of 4308865?
8
What is the ten thousands digit of 1294469032?
6
What is the hundreds digit of 13587712?
7
What is the thousands digit of 3608124745?
4
What is the ten millions digit of 88095180?
8
What is the millions digit of 54898487?
4
What is the hundred thousands digit of 141265067?
2
What is the hundred millions digit of 441607945?
4
What is the units digit of 57970633?
3
What is the tens digit of 99076152?
5
What is the ten millions digit of 65577346?
6
What is the hundreds d